6156. Determine b(-23).
-13
Let f(s) = -78*s**3 + 548*s**2 - 37*s + 166. Determine f(7).
5
Let b(u) = 3506*u - 143163. Calculate b(41).
583
Let p(i) = -4*i**2 + 17866*i + 268774. What is p(-15)?
-116
Let m(i) = 9938*i + 327909. What is m(-33)?
-45
Let f(z) = 280*z**2 - 22119*z - 73. What is f(79)?
6
Let r(i) = i**2 + 9879*i - 297244. What is r(30)?
26
Let k(c) = c**3 + 55*c**2 + 146*c - 1086. What is k(-52)?
-566
Let z(p) = -p**3 - 28*p**2 - 104*p + 71. Give z(-6).
-97
Let b(k) = -k**3 + 89*k**2 + 2269*k - 189922. What is b(91)?
-5
Let f(z) = z**2 - 9875*z + 88772. Calculate f(9).
-22
Let c(j) = -j**2 + 174077*j - 2262834. Calculate c(13).
-2
Let r(p) = -3*p**2 + 33*p + 2696. Calculate r(-25).
-4
Let i(k) = -52647*k - 368552. Determine i(-7).
-23
Let i(j) = 5948*j + 737556. Calculate i(-124).
4
Let c(s) = -100*s**2 + 553*s + 346. What is c(6)?
64
Let h(c) = -744*c + 56809. Determine h(76).
265
Let q(a) = a**2 + 3003698*a - 18022229. What is q(6)?
-5
Let f(j) = -882*j + 12335. Calculate f(14).
-13
Let y(m) = -24*m**2 - 48*m + 475. Determine y(13).
-4205
Let j(t) = -9644*t + 28947. Calculate j(3).
15
Let p(u) = 26*u**3 + 207*u**2 - 107*u - 801. Calculate p(-8).
-9
Let x(k) = 876*k + 148925. Calculate x(-170).
5
Let d(n) = 65*n**3 - n**2 + 62*n - 228. What is d(5)?
8182
Let s(m) = 272*m**2 - 158854*m + 3509. Determine s(584).
5
Let k(b) = 2752*b - 341248. Calculate k(124).
0
Let r(i) = i**3 + 66*i**2 + 3641*i + 248443. Calculate r(-67).
7
Let k(v) = -v**3 - 335*v**2 + 977*v - 12514. Determine k(-338).
-8
Let v(u) = 41*u**3 - 6*u**2 + 103*u + 211. Calculate v(-2).
-347
Let p(t) = -85*t + 9421. Determine p(111).
-14
Let o(l) = -l**3 + 40*l**2 - 139*l + 85. Calculate o(4).
105
Let u(p) = -411*p**2 + 3638*p + 2. Give u(9).
-547
Let m(y) = 9*y + 2435. What is m(-31)?
2156
Let w(b) = 16*b**2 + 3094*b - 42909. What is w(13)?
17
Let t(v) = -6076*v + 16543. What is t(3)?
-1685
Let g(i) = -36611*i - 256269. Give g(-7).
8
Let m(l) = 2*l**3 - 96*l**2 + 655*l - 147. Determine m(38).
-4137
Let u(z) = 2*z**3 - 48*z**2 - 1193*z + 35. Calculate u(-15).
380
Let n(p) = 7*p**3 - 9*p**2 - 63*p + 30. Calculate n(6).
840
Let w(t) = 79548*t + 715924. Calculate w(-9).
-8
Let x(g) = -5*g**2 + 236*g + 241. Give x(-1).
0
Let i(n) = -n**3 + 342*n**2 - 1512*n - 58296. Give i(337).
5
Let v(k) = -12358*k + 61508. Determine v(5).
-282
Let f(l) = -59*l**2 + 1852*l + 3128. Determine f(33).
-7
Let u(f) = 2831*f - 17175. Give u(6).
-189
Let c(a) = 820*a + 2248. Determine c(-4).
-1032
Let x(o) = 47*o**2 + 10564*o + 8075. Give x(-224).
11
Let x(h) = -h**3 + 865*h**2 - 36121*h - 135. Give x(44).
-3
Let x(n) = 257*n + 1833. Give x(-8).
-223
Let j(p) = 6*p**2 + 182*p - 36. What is j(-28)?
-428
Let t(r) = -420*r - 41067. Give t(-100).
933
Let k(n) = 2*n**3 + 17*n**2 + 4593*n + 36309. Give k(-8).
-371
Let u(k) = 7*k**3 + 3017*k**2 + 11*k + 5266. What is u(-431)?
525
Let j(r) = -1239*r - 45563. Calculate j(-36).
-959
Let r(z) = -55*z**2 - 59476*z - 82084. Calculate r(-1080).
-4
Let m(b) = 65*b + 3588. Calculate m(-44).
728
Let h(u) = -2927*u - 257594. Calculate h(-88).
-18
Let u(t) = 3*t**2 + 142*t - 2830. Determine u(15).
-25
Let t(b) = 329*b + 24089. What is t(-72)?
401
Let h(m) = m**3 - 421*m**2 + 8012*m + 155. Calculate h(20).
-5
Let y(t) = t**2 - 132*t - 3210. Determine y(153).
3
Let t(u) = u**3 + 663*u**2 + 4560*u - 20982. What is t(-656)?
10
Let s(l) = -l**3 - 62*l**2 - 904*l - 47052. Give s(-60).
-12
Let m(h) = -19*h**2 - 714*h + 537. What is m(-38)?
233
Let b(l) = -3403*l - 40491. Determine b(-11).
-3058
Let c(o) = -2*o**2 - 3858*o - 887516. Determine c(-267).
-8
Let h(z) = -60*z**2 - 619*z + 448. Give h(-12).
-764
Let u(m) = -712*m - 807. Give u(-1).
-95
Let k(b) = b**3 + 166*b**2 + 811*b + 729. Calculate k(-161).
-237
Let g(y) = 28*y + 3679. Calculate g(-79).
1467
Let j(y) = 22*y**2 + 6693*y - 60313. Determine j(9).
1706
Let v(w) = 442*w - 6639. Give v(15).
-9
Let a(f) = 2893337*f + 11573355. Give a(-4).
7
Let u(l) = -l**2 + 5834*l - 2777657. What is u(523)?
-4
Let p(c) = 6*c**3 - c**2 - 154*c - 867. Give p(-6).
-1275
Let g(b) = -3112*b + 392111. Calculate g(126).
-1
Let b(c) = -c**2 - 13*c + 1232. Determine b(-37).
344
Let o(d) = 23*d**2 - 24*d - 4859. Determine o(-14).
-15
Let t(v) = -318*v + 157. Give t(1).
-161
Let r(j) = -384*j + 99517. Give r(259).
61
Let u(i) = -143421*i - 430263. What is u(-3)?
0
Let w(i) = -2*i**2 - 4619*i + 112003. Give w(24).
-5
Let a(r) = 36635*r - 402981. Determine a(11).
4
Let x(v) = 167*v**2 - 638*v - 35. Determine x(4).
85
Let p(s) = 157028*s - 1099163. Calculate p(7).
33
Let m(b) = -2749*b + 104738. Determine m(38).
276
Let n(b) = -497*b**2 + 13899*b + 454. What is n(28)?
-22
Let h(i) = -i**3 + 514*i**2 + 1033*i - 1477. Give h(516).
-961
Let z(o) = -4*o**3 - 70*o**2 + 528*o + 9562. Give z(-17).
8
Let a(r) = 60*r**3 - 5*r**2 + 475*r - 1417. Determine a(3).
1583
Let i(g) = 1288*g + 107414. Calculate i(-83).
510
Let l(p) = -13*p**2 - 1057*p + 2328. What is l(-84)?
-612
Let j(u) = -97*u**3 + 8246*u**2 + 58*u - 12156. Determine j(85).
-1
Let j(g) = -3301*g + 656887. What is j(199)?
-12
Let z(s) = -19*s**2 - 28*s - 87. What is z(3)?
-342
Let m(q) = 521413*q - 6256919. Determine m(12).
37
Let a(s) = 511*s**2 + 425666*s + 2474. What is a(-833)?
-25
Let s(r) = r**3 - 79*r**2 - 761*r + 5561. Calculate s(87).
-94
Let j(l) = l**2 + 17683*l + 529609. Calculate j(-30).
19
Let f(y) = y**3 - 202*y**2 - 1028*y - 22. Give f(-5).
-57
Let k(l) = 8*l**2 + 1789*l + 1045. What is k(-223)?
-70
Let k(p) = 2910*p - 150. What is k(0)?
-150
Let p(r) = -3*r**2 - 67*r - 661. Give p(-39).
-2611
Let m(z) = z**3 - 9*z**2 - 106*z + 168. Determine m(15).
-72
Let v(b) = -11*b**3 + 12*b**2 + 162*b + 187. Determine v(-2).
-1
Let r(i) = 9584*i - 66900. Give r(7).
188
Let l(s) = -4574*s + 9161. What is l(2)?
13
Let f(s) = 390*s - 133751. Determine f(342).
-371
Let v(s) = 2*s**3 + 134*s**2 + 3397*s + 203914. Give v(-65).
9
Let r(a) = 3239*a - 3238. Determine r(1).
1
Let t(i) = 137*i + 431. Give t(-5).
-254
Let m(c) = 2388*c**2 - 23890*c + 9. Give m(10).
-91
Let k(o) = -17*o - 1071. Give k(-12).
-867
Let r(y) = -2*y**2 + 5216*y + 424546. Determine r(-79).
0
Let x(k) = -26*k**3 + 109*k**2 - 36*k + 97. Give x(6).
-1811
Let m(k) = 117*k**3 - 7*k**2 + 41*k - 81. What is m(2)?
909
Let r(b) = -b**2 - 394*b + 95134. What is r(169)?
-13
Let v(h) = -10461*h + 104567. Determine v(10).
-43
Let i(c) = -c**3 + 15*c**2 + 105*c - 137. Determine i(23).
-1954
Let q(i) = -10766*i - 10772. Determine q(-1).
-6
Let n(y) = 224*y + 1974. Determine n(-8).
182
Let q(z) = z**2 + 290*z - 14354. Determine q(41).
-783
Let a(f) = 84919*f + 2802330. Determine a(-33).
3
Let q(x) = x**3 + 32*x**2 + 27*x - 286. Determine q(-33).
-2266
Let s(h) = -h**3 + 3*h**2 + 1708*h - 11784. Determine s(7).
-24
Let i(u) = -1585*u - 3538. Calculate i(-3).
1217
Let k(n) = -n**3 + 275*n**2 + 1461*n - 9849. Give k(-9).
6
Let b(k) = 6616*k - 33247. What is b(5)?
-167
Let s(p) = 24*p**2 - 5394*p + 102684. What is s(21)?
-6
Let m(z) = z**3 + 19*z**2 - 60*z + 806. Calculate m(-23).
70
Let f(l) = 1394*l - 2219. Calculate f(0).
-2219
Let t(r) = -r**3 - 240*r**2 + 56361*r + 1918. Determine t(-386).
-12
Let m(z) = -312*z + 5616. Give m(28).
-3120
Let x(j) = j**2 + 5717*j + 85080. Give x(-15).
-450
Let s(k) = -106*k**2 + 6675*k - 56153. Determine s(10).
-3
Let c(w) = -7*w**3 + 14*w**2 - 28*w + 136. Give c(6).
-1040
Let v(a) = a**2 + 149*a + 4102. Determine v(-65).
-1358
Let h(l) = -57*l**2 + 1013*l - 3. Give h(17).
745
Let k(x) = x**3 - 41*x**2 + 74*x + 145. Determine k(39).
-11
Let n(u) = 2976*u**2 - 241052*u - 324. What is n(81)?
0
Let y(c) = 2*c**2 - 35*c + 489. Give y(18).
507
Let q(r) = 47*r**3 - 486*r**2 + 1463*r + 6. Calculate q(3).
1290
Let u(p) = -21*p**2 + 254*p - 1280. Give u(5).
-535
Let i(w) = 42725*w - 171013. Calculate i(4).
-113
Let g(z) = 7*z**3 + 7*z**2 + 9856*z - 29564. Calculate g(3).
256
Let t(r) = -2*r**3 + 12*r**2 - 2621*r + 13042. Give t(5).
-13
Let g(v) = 3*v**2 - 352*v - 189899. Give g(317).
-16
Let n(i) = -i**2 + 22*i - 75. Give n(3).
-18
Let v(r) = -788*r - 31783. What is v(-41)?
525
Let r(g) = 12*g**2 + 5009*g + 12034. What is r(-415)?
-1
Let u(y) = y**2 - 701*y + 114475. What is u(259)?
-3
Let d(j) = 2360*j - 333